{"id":15816,"date":"2024-01-10T16:18:56","date_gmt":"2024-01-10T15:18:56","guid":{"rendered":"http:\/\/127.0.0.1\/r1\/?post_type=product&#038;p=15816"},"modified":"2026-03-31T11:43:50","modified_gmt":"2026-03-31T09:43:50","slug":"ruche-peuplee-de-mai-juin-2026","status":"publish","type":"product","link":"https:\/\/www.ruchersdesyvelines.com\/new\/produit\/ruche-peuplee-de-mai-juin-2026\/","title":{"rendered":"Ruche peupl\u00e9e Mai  2026"},"content":{"rendered":"\t\t<div data-elementor-type=\"wp-post\" data-elementor-id=\"15816\" class=\"elementor elementor-15816\">\n\t\t\t\t\t\t<section class=\"elementor-section elementor-top-section elementor-element elementor-element-65df67a elementor-section-boxed elementor-section-height-default elementor-section-height-default wd-section-disabled\" data-id=\"65df67a\" data-element_type=\"section\" data-e-type=\"section\">\n\t\t\t\t\t\t<div class=\"elementor-container elementor-column-gap-default\">\n\t\t\t\t\t<div class=\"elementor-column elementor-col-100 elementor-top-column elementor-element elementor-element-7039833\" data-id=\"7039833\" data-element_type=\"column\" data-e-type=\"column\">\n\t\t\t<div class=\"elementor-widget-wrap elementor-element-populated\">\n\t\t\t\t\t\t<div class=\"elementor-element elementor-element-6a207d5 elementor-widget elementor-widget-wd_text_block\" data-id=\"6a207d5\" data-element_type=\"widget\" data-e-type=\"widget\" data-widget_type=\"wd_text_block.default\">\n\t\t\t\t<div class=\"elementor-widget-container\">\n\t\t\t\t\t\t\t<div class=\"wd-text-block reset-last-child text-left\">\n\t\t\t\n\t\t\t<h2><strong>Ruche peupl\u00e9e du mois de Mai 2026 : 290 \u20ac<\/strong><\/h2><h5><span style=\"font-size: 14px;\">- Ruche peupl\u00e9e en bois sur 10 cadres.<\/span><\/h5><h5>\u2013 La ruche contient 10 cadres Dadant droits peupl\u00e9s des abeilles : 5 cadres de couvain, 3 cadres de r\u00e9serve miel et pollen et 2 cadres en cours de construction.<\/h5><h5>-Les \u00e9l\u00e9ments de la ruche compris sont : plancher a\u00e9r\u00e9e NICOT, corps en Bois, 10 cadres droits Dadant, nourrisseur couvre cadre isolant, fixe \u00e9l\u00e9ment, toit t\u00f4le galvanis\u00e9e et porte d\u2019entr\u00e9e. Le corps sera fix\u00e9 au plancher avec des attaches de deux cot\u00e9s.<\/h5><h5>-Les ruches sont vendues sans les hausses( les hausses sont vendus s\u00e9par\u00e9ment).<\/h5><h5>\u2013 Les reines Buckfast F1 sont de l\u2019ann\u00e9e 2025 marqu\u00e9es en bleu et s\u00e9lectionn\u00e9es des m\u00e8res F0 .<\/h5><h5>\u2013 Les ruches seront pr\u00eates \u00e0 l\u2019installation, \u00e0 la production du miel (r\u00e9colte en juillet et en aout 2026) et aussi \u00e0 la division.<\/h5><h5>\u2013 Les ruches sont trait\u00e9es contre le Varroa avec\u00a0 Apivard le mois d'octobre 2025.<\/h5><h5>\u2013 Un contr\u00f4le sanitaire des colonies sera effectu\u00e9 avant la livraison : la qualit\u00e9 du ponte de la reine, la propret\u00e9 de couvain et la quantit\u00e9 suffisante de r\u00e9serve.<\/h5><h5>\u2013 Les ruches seront livr\u00e9es \u00e0 partir de 10 mai 2026 \u00e0 notre local:<\/h5><h5>La p\u00e9pini\u00e8re d\u2019entreprises, 5 rue Maurice Thorez 78190 Trappes.<\/h5><h5>\u2013 Nous vous contacterons 7 jours avant le jour d\u2019enl\u00e8vement (retrait) .<\/h5><h5>\u2013 Les ruches seront garanties 15 jours \u00e0 compter du jour du retrait :\u00e9change, mais pas de retour.<\/h5><h5>\u2013 Il est n\u00e9cessaire d\u2019\u00eatre \u00e9quiper de votre combinaison, votre enfumoir, combustibles et de pr\u00e9f\u00e9rable un sangle de 2 ou 3 m\u00e8tres par ruche.<\/h5><h5>\u2013 Les r\u00e9servations avec acompte de 40 \u20ac sont obligatoires et les 250 \u20ac restantes seront pay\u00e9s le jour du retrait.<\/h5><h5>\u2013 Des conseils seront donn\u00e9s sur place pour vous aider \u00e0 transporter et g\u00e9rer vos ruches (votre ruche).<\/h5><h5>-Nous vous remboursons le montant d\u2019acompte si impr\u00e9vu .<\/h5>\n\t\t\t\t\t<\/div>\n\t\t\t\t\t\t<\/div>\n\t\t\t\t<\/div>\n\t\t\t\t\t<\/div>\n\t\t<\/div>\n\t\t\t\t\t<\/div>\n\t\t<\/section>\n\t\t\t\t<\/div>\n\t\t","protected":false},"excerpt":{"rendered":"<p>Acompte 40\u20ac.<\/p>\n<div class=\"woocommerce-product-details__short-description\"> <\/div>\n","protected":false},"featured_media":15805,"comment_status":"closed","ping_status":"closed","template":"","meta":[],"product_brand":[],"product_cat":[74,75],"product_tag":[],"class_list":{"0":"post-15816","1":"product","2":"type-product","3":"status-publish","4":"has-post-thumbnail","6":"product_cat-essaims-ruches","7":"product_cat-ruches-peuplees","9":"first","10":"instock","11":"shipping-taxable","12":"purchasable","13":"product-type-simple"},"jetpack_sharing_enabled":true,"_links":{"self":[{"href":"https:\/\/www.ruchersdesyvelines.com\/new\/wp-json\/wp\/v2\/product\/15816","targetHints":{"allow":["GET"]}}],"collection":[{"href":"https:\/\/www.ruchersdesyvelines.com\/new\/wp-json\/wp\/v2\/product"}],"about":[{"href":"https:\/\/www.ruchersdesyvelines.com\/new\/wp-json\/wp\/v2\/types\/product"}],"replies":[{"embeddable":true,"href":"https:\/\/www.ruchersdesyvelines.com\/new\/wp-json\/wp\/v2\/comments?post=15816"}],"version-history":[{"count":19,"href":"https:\/\/www.ruchersdesyvelines.com\/new\/wp-json\/wp\/v2\/product\/15816\/revisions"}],"predecessor-version":[{"id":16607,"href":"https:\/\/www.ruchersdesyvelines.com\/new\/wp-json\/wp\/v2\/product\/15816\/revisions\/16607"}],"wp:featuredmedia":[{"embeddable":true,"href":"https:\/\/www.ruchersdesyvelines.com\/new\/wp-json\/wp\/v2\/media\/15805"}],"wp:attachment":[{"href":"https:\/\/www.ruchersdesyvelines.com\/new\/wp-json\/wp\/v2\/media?parent=15816"}],"wp:term":[{"taxonomy":"product_brand","embeddable":true,"href":"https:\/\/www.ruchersdesyvelines.com\/new\/wp-json\/wp\/v2\/product_brand?post=15816"},{"taxonomy":"product_cat","embeddable":true,"href":"https:\/\/www.ruchersdesyvelines.com\/new\/wp-json\/wp\/v2\/product_cat?post=15816"},{"taxonomy":"product_tag","embeddable":true,"href":"https:\/\/www.ruchersdesyvelines.com\/new\/wp-json\/wp\/v2\/product_tag?post=15816"}],"curies":[{"name":"wp","href":"https:\/\/api.w.org\/{rel}","templated":true}]}}