{"id":15649,"date":"2023-09-06T20:25:25","date_gmt":"2023-09-06T18:25:25","guid":{"rendered":"http:\/\/127.0.0.1\/r1\/?post_type=product&#038;p=15649"},"modified":"2025-10-27T07:48:54","modified_gmt":"2025-10-27T06:48:54","slug":"pollen-des-fleurs","status":"publish","type":"product","link":"https:\/\/www.ruchersdesyvelines.com\/new\/produit\/pollen-des-fleurs\/","title":{"rendered":"Pollen des fleurs"},"content":{"rendered":"<p>Le pollen des fleurs est produit par les \u00e9tamines. Il est compos\u00e9 de corpuscules microscopiques emport\u00e9s par le vent et les abeilles. Chaque esp\u00e8ce de plante produit un pollen diff\u00e9rent. Le pollen des abeilles sert d\u2019aliment pour la ruche. Les pelotes de pollen, g\u00e9n\u00e9ralement jaunes ou orange, sont compos\u00e9es du pollen de plusieurs fleurs.<\/p>\n<p>Pollen r\u00e9colt\u00e9 en saison 2022 en Yvelines.<\/p>\n<div class=\"jsx-3283490249 text\">\n<h3>Conseils d\u2019utilisation<\/h3>\n<p class=\"jsx-3283490249\">Conservez-le \u00e0 temp\u00e9rature ambiante, \u00e0 l\u2019abri de la chaleur et de l\u2019humidit\u00e9.<\/p>\n<\/div>\n<div class=\"jsx-3283490249 text\">\n<h3>Type d\u2019emballage<\/h3>\n<p class=\"jsx-3283490249\">Bocal en verre<\/p>\n<\/div>\n","protected":false},"excerpt":{"rendered":"<p>Le pollen des fleurs est produit par les \u00e9tamines. Il est compos\u00e9 de corpuscules microscopiques emport\u00e9s par le vent et<\/p>\n","protected":false},"featured_media":15670,"comment_status":"open","ping_status":"closed","template":"","meta":[],"product_brand":[],"product_cat":[71],"product_tag":[],"class_list":{"0":"post-15649","1":"product","2":"type-product","3":"status-publish","4":"has-post-thumbnail","6":"product_cat-pollen","8":"first","9":"instock","10":"shipping-taxable","11":"purchasable","12":"product-type-variable"},"jetpack_sharing_enabled":true,"_links":{"self":[{"href":"https:\/\/www.ruchersdesyvelines.com\/new\/wp-json\/wp\/v2\/product\/15649","targetHints":{"allow":["GET"]}}],"collection":[{"href":"https:\/\/www.ruchersdesyvelines.com\/new\/wp-json\/wp\/v2\/product"}],"about":[{"href":"https:\/\/www.ruchersdesyvelines.com\/new\/wp-json\/wp\/v2\/types\/product"}],"replies":[{"embeddable":true,"href":"https:\/\/www.ruchersdesyvelines.com\/new\/wp-json\/wp\/v2\/comments?post=15649"}],"version-history":[{"count":1,"href":"https:\/\/www.ruchersdesyvelines.com\/new\/wp-json\/wp\/v2\/product\/15649\/revisions"}],"predecessor-version":[{"id":15651,"href":"https:\/\/www.ruchersdesyvelines.com\/new\/wp-json\/wp\/v2\/product\/15649\/revisions\/15651"}],"wp:featuredmedia":[{"embeddable":true,"href":"https:\/\/www.ruchersdesyvelines.com\/new\/wp-json\/wp\/v2\/media\/15670"}],"wp:attachment":[{"href":"https:\/\/www.ruchersdesyvelines.com\/new\/wp-json\/wp\/v2\/media?parent=15649"}],"wp:term":[{"taxonomy":"product_brand","embeddable":true,"href":"https:\/\/www.ruchersdesyvelines.com\/new\/wp-json\/wp\/v2\/product_brand?post=15649"},{"taxonomy":"product_cat","embeddable":true,"href":"https:\/\/www.ruchersdesyvelines.com\/new\/wp-json\/wp\/v2\/product_cat?post=15649"},{"taxonomy":"product_tag","embeddable":true,"href":"https:\/\/www.ruchersdesyvelines.com\/new\/wp-json\/wp\/v2\/product_tag?post=15649"}],"curies":[{"name":"wp","href":"https:\/\/api.w.org\/{rel}","templated":true}]}}